. List the prime factors of o.
2, 5
Let g(o) be the first derivative of o**3/3 - 7*o**2/2 - 3*o - 9. Let f be g(8). Suppose 84 = -f*c + 419. What are the prime factors of c?
67
Suppose 3*v + j - 2*j + 4 = 0, 3*v = -j + 4. Let b(m) = v + 3 + 8*m + m**3 + 15*m - 13*m**2 - 10*m. List the prime factors of b(12).
3, 5
Suppose 168*j - 230*j + 64604 = 0. List the prime factors of j.
2, 521
Suppose -7*f + 11*f - 8*f = -85932. List the prime factors of f.
3, 7, 11, 31
Let u(f) = 3*f - 7. Let j be u(0). Let g be (((-196)/(-16))/j)/((-2)/80). Suppose 4*s - 418 = -g. What are the prime factors of s?
3, 29
Let g be (37 - 37) + 118/(-1 - -3). Let h = g - 68. Let z(w) = -w**3 - 8*w**2 - 6. What are the prime factors of z(h)?
3, 5
Suppose -6*c + 778 = -242. Suppose -j - c = j. Let g = j - -134. What are the prime factors of g?
7
Let d(h) = 140 + 11*h - 3*h + 28*h + 14*h. List the prime factors of d(7).
2, 5, 7
Let s = -17532 - -27411. What are the prime factors of s?
3, 37, 89
Let j(r) = r**2 + 17*r + 34. Let b be j(-12). Let c = -15 - b. Suppose -c*h = -10*h - 17. What are the prime factors of h?
17
Let v = -520 + 3753. List the prime factors of v.
53, 61
Suppose -3*g = -12, 0 = -5*n - 5*g - 483 - 3002. Let l = n - -1013. List the prime factors of l.
2, 3, 13
Let n = -2208 - -3375. What are the prime factors of n?
3, 389
Suppose -5*v - 2*w + 17 = 0, -3*v = v - 2*w - 10. Suppose -4*u + v*u + 196 = -3*q, 432 = 2*u + 2*q. What are the prime factors of u?
211
Suppose -70*x + 119708 = -282835 - 154447. What are the prime factors of x?
73, 109
Let f be (2/3)/(3/99). Suppose 0 = 2*z - z + 17. Let u = f + z. What are the prime factors of u?
5
Let z = -1618 + 2558. Suppose 4*n - z = -2*x + x, -3*n = x - 706. Let i = n + -140. List the prime factors of i.
2, 47
Suppose -v - 3 = -5. Suppose -3*s - 1310 = -v*y - 8*s, 3*y - 1951 = -4*s. List the prime factors of y.
3, 5, 43
Let h(t) = -t**3 + 12*t**2 + 13*t + 4. Let f be h(13). Suppose 0 = -f*r + 275 - 691. Let w = -26 - r. What are the prime factors of w?
2, 3, 13
Let g(d) = 908*d + 1142. What are the prime factors of g(3)?
2, 1933
Suppose -454526 = -4*u - 2*d - 116994, -4*u - 4*d + 337520 = 0. List the prime factors of u.
2, 42193
Suppose 69537 = 49*q - 10*q. Suppose 4*g + n = 2480, -5*g - 4*n + 4872 = q. List the prime factors of g.
3, 23
Suppose 4*f - 9 + 1 = 0, 2*f + 1428 = q. Suppose 4*c - 220 = w - q, -4*w + 4796 = -3*c. What are the prime factors of w?
2, 13, 23
Suppose 0 = 4*z + 4*t - 49572, -5*t = 4*z - 34784 - 14784. What are the prime factors of z?
7, 11, 23
Suppose 3*v = -w + 1538, 4*v = -v - 3*w + 2566. Suppose v = 3*n - 154. List the prime factors of n.
2, 3, 37
Suppose 118665 = 3*d + a, d - 880*a = -882*a + 39565. List the prime factors of d.
37, 1069
Let d be (-1)/1*2/2*1. Let j(h) = 365*h**2 - 2*h - 3. What are the prime factors of j(d)?
2, 7, 13
Let v(z) = z**2 - 6*z - 24. Let d be v(-5). Suppose -4*i = 4*k + i - d, k - 11 = 2*i. Let t(l) = 4*l**2 - 13*l + 13. List the prime factors of t(k).
2, 5, 11
Suppose -5*v = -61 + 1716. Suppose 1 = -c - 2*b - 126, 5*c + 599 = -b. Let f = c - v. List the prime factors of f.
2, 53
Suppose 2*a - 17 = -15. Let q = a + 1. Suppose -q*k = -30 - 0. List the prime factors of k.
3, 5
Let i = 25203 - 9942. List the prime factors of i.
3, 5087
Suppose 5*a - 7 = 4*a + p, 0 = -4*a - 4*p + 28. Let s = -34 - -43. Suppose -a*t + s*t - 226 = 0. List the prime factors of t.
113
Let q be (-3)/(-9) - 1424/(-36)*3. Suppose w - 3*w + 2 = -t, 0 = -2*w + 2*t - 2. Suppose -c - 3*y = c - q, -w*c = 5*y - 181. What are the prime factors of c?
2, 13
Let n = 63 + -65. Let t be n + 2/(8/28). Suppose 0 = 3*h + t*i - 404, -i - 532 - 104 = -5*h. List the prime factors of h.
2
Suppose -169 + 13 = -6*c. Suppose 21*s = c*s - 15. Suppose -j = s*j - 132. List the prime factors of j.
3, 11
Let k = 3 + 11. Let r = 26 - k. Suppose -3*m = 5*a - 589, -3*m + r = m. What are the prime factors of a?
2, 29
Suppose 5*m - 10 = 75. Suppose -m*f + 5958 = f. List the prime factors of f.
331
Let q(v) = 369*v**2 - 12*v + 107. List the prime factors of q(-4).
73, 83
Let u = 5773 - 3131. What are the prime factors of u?
2, 1321
Suppose -189*k + 2161340 = 591506. List the prime factors of k.
2, 4153
Let q be (-12 + 10)/(24/22 + -1). Let h(i) = -5*i + 9. Let t be h(-8). Let n = t + q. List the prime factors of n.
3
Let r be (-1 - 4)*((-138)/15 - -1). Let x = r + -35. Suppose -3*v - 288 = -x*v. List the prime factors of v.
2, 3
Let r(q) = -q**3 + 8*q**2 + 9*q. Let v be r(9). Suppose -x + 2*m + 90 = v, -5*x + 7*x = -m + 165. Let n = x - 47. List the prime factors of n.
37
Suppose 0 = 12*p + 9*p - 107625. List the prime factors of p.
5, 41
Suppose 33074 = 2*l + 8*l - 90026. List the prime factors of l.
2, 5, 1231
List the prime factors of (-2)/(((-178)/(-45) - (26 - 22))/121).
3, 5, 11
Let t be ((-224)/196)/(4/(-1918)). Suppose -3028 - t = -24*r. List the prime factors of r.
149
Let n = 1189 + 1296. Let v = n + -1481. What are the prime factors of v?
2, 251
Let p(j) = -9 + 26*j**2 + 6*j**2 + 4*j - j**2. Let l(f) = -16*f**2 - 2*f + 4. Let t(a) = -7*l(a) - 3*p(a). List the prime factors of t(-2).
71
Suppose -34*n = 15*n - n - 48384. What are the prime factors of n?
2, 3, 7
Suppose -974 - 3106 = -10*u. Suppose -4*m - u = -516. What are the prime factors of m?
3
Let q(x) = 113*x + 53. Suppose -16 = -16*f + 32. What are the prime factors of q(f)?
2, 7
Let r be (1*0*1/(-3))/1. Suppose k = -2*l - 2, -4*k + 2*k - 5*l - 9 = r. Suppose -k*o + 790 = -3*o. What are the prime factors of o?
2, 79
List the prime factors of 5601 - 28/(-12)*6.
5, 1123
Let g be 238 + 2 - (-4)/1. Let u = -43 + g. Suppose u = 3*f - 114. List the prime factors of f.
3, 5, 7
Let a(m) = -2*m**3 + m**2 + 2*m + 2. Let x be a(-1). Suppose -208 = -d - p, -d - x*d + 5*p + 877 = 0. Suppose 3*o - 60 = d. What are the prime factors of o?
7, 13
Suppose 3394 = -4*k + 9878. Suppose -10*o = -k - 2809. What are the prime factors of o?
443
Suppose 5*u - 8*n + 13*n = 175, -2*n - 168 = -5*u. Let r = u + 198. List the prime factors of r.
2, 29
Let p = 41 - 21. Let f be 7/3*60/p. Suppose 0 = f*w - 17*w + 490. What are the prime factors of w?
7
Suppose g = 4*b - 102, -74 = -5*b - 3*g + 45. Let h(z) = z**3 - 26*z**2 + 22*z + 83. What are the prime factors of h(b)?
2
Suppose -2*k - a - 4 = 0, 4*k + 3*a = -2 - 2. Let f be k/((-12)/(-102)*1/2). Let r = f + 193. List the prime factors of r.
5
Suppose 4*d + 0*j = 4*j - 7448, 1872 = -d - 4*j. Let n = -692 - d. List the prime factors of n.
2, 293
Suppose 0 = 582*k - 575*k - 30513. List the prime factors of k.
3, 1453
Let f be (10/4)/((-9)/54). Let p(o) = -o**3 - 14*o**2 + 14*o - 12. Let i be p(f). Let s(x) = 7*x**3 - 5*x**2 + 2*x + 4. List the prime factors of s(i).
2, 7, 11
Suppose -11*y + 110 + 605 = 0. Let f = y - 72. Let v = f + 159. List the prime factors of v.
2, 19
Let f(r) = r**3 + 20*r**2 + 23*r + 81. Let d be f(-19). Suppose -3*a + j = -476 - 295, -d*j = 4*a - 1009. What are the prime factors of a?
2
Let f(t) = 6*t**3 + t**2 - 152*t + 48. List the prime factors of f(14).
2, 3, 5
Suppose 8 = 4*m, 2*m + 533 = 3*z + 6*m. Let t = 279 - z. List the prime factors of t.
2, 13
Let x(m) = 13*m**3 - 20*m**2 - 72*m - 12. List the prime factors of x(10).
2, 17, 151
Let d be 6/((-12)/26) - -3. Let q(w) = -5*w - 47. Let j be q(d). Suppose 2*r = -3*v + 103, -4*v + 3*r = -j*v - 38. What are the prime factors of v?
5, 7
Suppose 195*n = 187*n + 5168. Suppose -v - 5*w + n + 135 = 0, 3109 = 4*v + 5*w. List the prime factors of v.
2, 97
Let z(m) = 289*m**3 - 3*m**2 - 13*m - 11. Let x be z(-1). Let k = 622 + x. List the prime factors of k.
2, 83
Suppose -3*q = -5*l - 342, -3*l + l - 114 = -q. Let t = q - 109. Suppose 5*z + 407 = 3*w, 7*z = 4*w + t*z - 538. List the prime factors of w.
2, 67
Let g be 4 + -4 + -2 + (-412 - -1). Let h = g + 579. What are the prime factors of h?
2, 83
Let n = 20579 - 135. List the prime factors of n.
2, 19, 269
Suppose -3*y + 6*y = 975. Let l = -464 + y. Let q = -89 - l. What are the prime factors of q?
2, 5
Let z(i) = i**3 - 15*i**2 + 26*i + 2. Let o be z(13). Suppose -s + 531 = 8*m - 3*m, -o*m + 210 = -2*s. Let g = m + 47. List the prime factors of g.
3, 17
Let l(y) = -32*y - 166. Let x = -564 - -551. List the prim